 27*w - 45. Determine a(-12).
-9
Let m(l) = 44*l + 1. What is m(-1)?
-43
Let z(w) = -6*w - 234. Determine z(-35).
-24
Let j(y) = -y**3 - 24*y**2 - 25*y + 17. Give j(-23).
63
Let x(g) = 6*g**3 - g**2 + g - 1. Calculate x(1).
5
Let k(r) = r**3 + 8*r**2 - r + 17. Give k(-8).
25
Let m(u) = -u**3 + 15*u**2 - 11*u - 10. Give m(14).
32
Let t(p) = p**2 - 55*p + 565. Calculate t(41).
-9
Let m(d) = -5*d + 9. Give m(3).
-6
Let w(j) = j**3 + 8*j**2 + 14*j - 2. Give w(-6).
-14
Let a(t) = t**3 + 7*t**2 + 9*t - 9. Calculate a(-8).
-145
Let x(s) = -s**2 + 18. Calculate x(-8).
-46
Let a(v) = 2*v**3 - 3*v**2 + 4*v - 1. Give a(2).
11
Let d(v) = -4*v + 6. Determine d(-7).
34
Let o(l) = -l**3 + 11*l**2 - 7*l - 6. Determine o(10).
24
Let r(m) = 11*m - 4. Give r(2).
18
Let x(q) = -11*q - 5. What is x(-1)?
6
Let g(v) = v**3 - 7*v**2 - 6*v + 22. Calculate g(7).
-20
Let z(r) = -4*r - 1. Determine z(-2).
7
Let w(v) = -v**3 + 8*v**2 - 7*v - 29. What is w(6)?
1
Let g(c) = -11*c - 72. What is g(-12)?
60
Let h(n) = 19*n - 31. Calculate h(1).
-12
Let l(c) = -5*c - 1. Give l(-3).
14
Let w(p) = -p**3 - 17*p**2 - 18*p - 23. Calculate w(-16).
9
Let d(f) = 24*f + 138. Determine d(-6).
-6
Let o(i) = -4*i**3 - 4*i**2 - 2*i. Give o(-2).
20
Let q(u) = u**3 + 14*u**2 - 15*u + 7. Determine q(-15).
7
Let r(k) = k + 32. Calculate r(0).
32
Let p(o) = -o**3 + 14*o**2 - 10*o - 7. Determine p(13).
32
Let g(b) = 10*b - 19. Determine g(4).
21
Let n(q) = -q**3 - 13*q**2 - 16*q - 36. Determine n(-12).
12
Let v(r) = r**2 - 5*r - 3. Determine v(3).
-9
Let o(f) = 2*f**2 + 38*f + 162. Give o(-13).
6
Let q(x) = -x**3 + 6*x**2 + 11*x - 9. Give q(7).
19
Let c(h) = h**3 + 5*h**2 - 3*h - 2. What is c(-4)?
26
Let h(y) = -2*y**2 + 33*y - 135. Give h(9).
0
Let b(v) = v**2 + 9*v - 19. What is b(-9)?
-19
Let y(h) = -2*h**3 - h**2 - 5. What is y(3)?
-68
Let k(d) = d**3 - 28*d**2 - 4*d + 112. Determine k(28).
0
Let x(i) = 24*i**2 + 2*i + 1. Give x(1).
27
Let p(u) = -53*u - 1. Calculate p(-1).
52
Let g(u) = -3*u**2 + 11*u + 6. What is g(5)?
-14
Let c(b) = -2*b + 1. Give c(-7).
15
Let x(z) = -3*z + 20. What is x(-23)?
89
Let i(a) = -a**3 + 2*a**2 + 3*a - 1. Calculate i(3).
-1
Let y(c) = 4*c + 72. What is y(-18)?
0
Let n(t) = -2*t + 3. Calculate n(5).
-7
Let l(n) = -36*n**3 - 2*n**2 - 3*n - 2. Calculate l(-1).
35
Let n(h) = -3*h + 99. Give n(20).
39
Let f(y) = 12*y**2 + 5*y - 1. Determine f(-3).
92
Let i(o) = -3*o**2 + 2*o + 2. Calculate i(2).
-6
Let f(z) = 2*z**3 - 147*z**2 + 67*z + 432. What is f(73)?
-6
Let s(j) = -2*j**2 + 5. Determine s(0).
5
Let g(c) = -2*c**3 + 5*c**2 - 6*c + 28. Calculate g(3).
1
Let x(m) = -2*m + 2. Give x(0).
2
Let v(u) = -3*u - 150. Give v(-50).
0
Let j(k) = k**3 - 6*k**2 + 5*k - 1. Give j(5).
-1
Let s(o) = 10*o. Give s(-6).
-60
Let k(i) = i**2 + 19*i + 38. Give k(-17).
4
Let b(v) = 5*v**3 - v**2 + v - 2. Give b(2).
36
Let j(c) = c**3 - 6*c**2 - 2*c + 9. What is j(7)?
44
Let v(s) = -s**3 + s**2 - 8*s. Give v(2).
-20
Let t(y) = -3*y**3 - 148*y**2 - 49*y - 7. Determine t(-49).
-7
Let d(c) = -c**3 - 8*c**2 - 7*c - 7. Calculate d(-7).
-7
Let h(t) = -4*t**3 + 2*t**2 - 5*t + 9. Give h(2).
-25
Let k(m) = -m**2 + 10*m - 6. Calculate k(10).
-6
Let w(a) = -13*a - 165. Determine w(-13).
4
Let h(k) = k**3 + 13*k**2 + 24*k + 16. What is h(-11)?
-6
Let t(k) = 4*k. What is t(1)?
4
Let h(a) = a**3 - 8*a**2 + 57. Give h(4).
-7
Let c(h) = -6*h**2 + 4*h + 24. Give c(-3).
-42
Let w(c) = -9*c**2 + c + 1. What is w(-1)?
-9
Let a(l) = -l**3 + l**2 - 2*l + 21. Determine a(3).
-3
Let c(d) = 11*d**2 + d - 1. What is c(1)?
11
Let q(i) = 21*i + 61. Calculate q(-3).
-2
Let y(v) = v**3 + 9*v**2 + 10*v + 9. Determine y(-8).
-7
Let s(t) = 6*t + 113. Determine s(-26).
-43
Let b(w) = w**3 + 7*w**2 - 8*w - 7. Calculate b(-6).
77
Let i(f) = f**2 + 5*f + 3. Give i(-2).
-3
Let m(p) = 11*p**2 + 59*p - 8. Calculate m(-6).
34
Let p(b) = b**3 + 9*b**2 + 19*b + 30. Calculate p(-7).
-5
Let a(t) = 7*t**3 - 2*t**2 - 13*t - 11. Determine a(-1).
-7
Let n(z) = z**3 + 32*z**2 + 59*z - 28. Calculate n(-30).
2
Let g(m) = -2*m**2 + 31*m + 9. Determine g(16).
-7
Let w(f) = f**3 + 52*f**2 + 146*f - 47. Determine w(-49).
2
Let n(p) = -p**3 - 21*p**2 - 2*p + 8. Calculate n(-21).
50
Let y(f) = 3*f**2 + 6*f + 21. Calculate y(-5).
66
Let t(z) = -z + 14. Give t(12).
2
Let d(a) = a - 7. Calculate d(10).
3
Let m(g) = 42*g + 285. Give m(-7).
-9
Let v(g) = -g**3 + 5*g**2 + 126*g + 1. Give v(14).
1
Let t(x) = -2*x - 4. What is t(13)?
-30
Let v(k) = -11*k + 15. Determine v(5).
-40
Let r(y) = 25*y + 1. Give r(1).
26
Let a(o) = 8*o**2 - 2. Give a(1).
6
Let y(k) = -k**3 - 12*k**2 + 10*k - 19. Determine y(-13).
20
Let p(v) = v**3 - 16*v**2 + 25*v - 15. Give p(14).
-57
Let d(u) = 3*u + 42. Calculate d(-17).
-9
Let l(b) = b**3 + 9*b**2 + 11*b + 18. Determine l(-8).
-6
Let u(m) = 23*m - 133. Calculate u(6).
5
Let x(z) = -z**3 - 5*z**2 - 3*z + 17. Determine x(-4).
13
Let c(i) = i**2 - 13*i + 13. Calculate c(9).
-23
Let p(f) = 79*f - 1270. Determine p(16).
-6
Let p(h) = -h**2 + 6*h + 15. What is p(10)?
-25
Let q(j) = -117*j - 1641. Determine q(-14).
-3
Let j(y) = y**3 - 27*y**2 + 27*y - 27. Calculate j(26).
-1
Let k(l) = l**3 + l**2 - 4*l - 2. Give k(-3).
-8
Let r(i) = -i**3 - 18*i**2 - 15*i + 33. Determine r(-17).
-1
Let k(j) = j**3 + j**2 - 5*j - 8. What is k(-2)?
-2
Let j(b) = b**2 - 11*b + 1. Calculate j(6).
-29
Let k(u) = 92*u + 18. Determine k(-1).
-74
Let j(n) = n**2 + n - 1. Give j(-5).
19
Let x(z) = -7*z - 23. Give x(-3).
-2
Let g(q) = -12*q + 60. What is g(5)?
0
Let v(m) = -9*m**2 + m - 1. Determine v(2).
-35
Let b(m) = -4*m + 29. Calculate b(-5).
49
Let c(m) = 5*m**3 - 3*m**2 + 4*m + 6. Determine c(-1).
-6
Let y(x) = -x**3 + 16*x**2 - 16*x + 10. What is y(15)?
-5
Let t(n) = -2*n**2 + 19*n - 40. What is t(6)?
2
Let w(r) = -4*r + 22. Give w(-5).
42
Let x(h) = h**3 + 6*h**2 - 23*h + 26. Determine x(-9).
-10
Let a(o) = o**3 - 9*o**2 + 6*o + 7. Determine a(8).
-9
Let o(n) = 2*n**2 - 7*n - 10. What is o(6)?
20
Let y(l) = 5*l**2 - 4*l + 4. Give y(2).
16
Let u(o) = -3*o - 98. Give u(-35).
7
Let b(j) = j**3 - 13*j**2 - 14*j + 1. Give b(14).
1
Let c(s) = -3*s**2 - 2. Determine c(-2).
-14
Let g(k) = -k**2 - 6. Give g(-8).
-70
Let c(y) = -y**3 + 2*y**2 + 6*y - 10. Give c(2).
2
Let q(v) = -2*v**2 - 3*v - 2. Determine q(-2).
-4
Let n(q) = q**2 - 44*q + 147. Determine n(39).
-48
Let d(a) = a**3 - 13*a**2 - 14*a + 8. What is d(14)?
8
Let t(u) = -u + 36. Calculate t(19).
17
Let b(h) = -h**3 - 5*h**2 - 3*h - 10. What is b(-4)?
-14
Let u(b) = b - 1. Give u(0).
-1
Let l(a) = a**2 + a - 10. Calculate l(-5).
10
Let q(d) = -2*d**2 + 4*d + 4. Give q(0).
4
Let l(v) = v**2 - 1. Determine l(3).
8
Let h(q) = 6*q + 33. What is h(-6)?
-3
Let s(x) = x**3 + 20*x**2 + 19*x + 35. What is s(-19)?
35
Let f(p) = 4*p**3 - 10*p**2 - 6*p - 2. What is f(3)?
-2
Let g(t) = -t**2 + 5*t - 3. Calculate g(6).
-9
Let s(y) = -y**3 - 9*y**2 - 21*y - 16. Determine s(-8).
88
Let h(u) = -3*u**2 + 21*u - 27. Calculate h(6).
-9
Let q(m) = 2*m**2 - 25*m - 115. Calculate q(16).
-3
Let g(w) = w**2 + 5*w - 5. Determine g(-6).
1
Let n(j) = 5*j**3 + 6*j + 6. Calculate n(-1).
-5
Let x(y) = 8*y**3 + 2*y**2 + 9*y + 6. Calculate x(-1).
-9
Let t(g) = g**2 - 9*g - 38. Determine t(12).
-2
Let c(j) = -7*j + 192. Determine c(29).
-11
Let w(p) = 2*p**2 + 39*p + 23. Calculate w(-19).
4
Let v(x) = 7*x + 92. Calculate v(-18).
-34
Let b(n) = -n**3 - 5*n**2 + 7*n. Calculate b(-5).
-35
Let b(c) = c**2 - 25*c - 85. What is b(28)?
-1
Let m(d) = -8*d + 6. Determine m(2).
-10
Let q(o) = 27*o. What is q(1)?
27
Let b(a) = -a**2 - 9*a - 25. Calculate b(-5).
-5
Let w(i) = i**3 - 20*i**2 + 16*i + 44. Calculate w(19).
-13
Let b(s) = 9*s + 7. Determine b(-5).
-38
Let n(a) = a**3 - 7*a**2 + 20*a - 20. What is n(6)?
64
Let j(z) = z**2 + 29*z + 139. What is j(-6)?
1
Let i(b) = -2*b. Give i(5).
-10
Let z(c) = -c**3 - 13*c**2 + 3*c + 16. Determine z(-13).
-23
Let n(b) = -2*b**2 + 7*b - 10. Calculate n(4).
-14
Let t(c) = c**3 - 4*c**2 - 6*c - 4. What is t(5)?
-9
Let h(a) = -a**3 - 11*a**2 - 25*a. Give h(-8).
8
Let r(t) = t**3 - 6*t**2 - 9*t + 52. Calculate r(6).
-2
Let b(y) = -y - 7. Give b(7).
-14
Let l(i) = 18*i**2 + i + 1. What is l(-1)?
18
Let j(b) = -3*b**2 - 9*b + 12. What is j(2)?
-18
Let g(i) = -i**2 + 31*i + 97. What is g(34)?
-